{"id":118,"date":"2023-03-29T10:04:16","date_gmt":"2023-03-29T08:04:16","guid":{"rendered":"https:\/\/kuld-gartenwelten.de\/shop\/?page_id=118"},"modified":"2025-07-04T15:06:48","modified_gmt":"2025-07-04T13:06:48","slug":"impressum","status":"publish","type":"page","link":"https:\/\/www.kuld-gartenwelten.de\/shop\/impressum\/","title":{"rendered":"Impressum"},"content":{"rendered":"\t\t<div data-elementor-type=\"wp-page\" data-elementor-id=\"118\" class=\"elementor elementor-118\" data-elementor-post-type=\"page\">\n\t\t\t\t\t\t<section class=\"elementor-section elementor-top-section elementor-element elementor-element-d40a02b elementor-section-boxed elementor-section-height-default elementor-section-height-default\" data-id=\"d40a02b\" data-element_type=\"section\" data-e-type=\"section\">\n\t\t\t\t\t\t<div class=\"elementor-container elementor-column-gap-default\">\n\t\t\t\t\t<div class=\"elementor-column elementor-col-100 elementor-top-column elementor-element elementor-element-5a1b30c\" data-id=\"5a1b30c\" data-element_type=\"column\" data-e-type=\"column\">\n\t\t\t<div class=\"elementor-widget-wrap elementor-element-populated\">\n\t\t\t\t\t\t<div class=\"elementor-element elementor-element-9f6d792 elementor-widget elementor-widget-text-editor\" data-id=\"9f6d792\" data-element_type=\"widget\" data-e-type=\"widget\" data-widget_type=\"text-editor.default\">\n\t\t\t\t<div class=\"elementor-widget-container\">\n\t\t\t\t\t\t\t\t\t<p><strong>Angaben gem\u00e4\u00df \u00a75 TMG:<\/strong><\/p><p>KULD \u2013 Haus und Garten<br \/>Meisterbetrieb im Gartenbau<br \/>Daniela Gr\u00fcnwald<br \/>Georg-Friedrich-H\u00e4ndel-Stra\u00dfe 1<br \/>D-76669 Bad Sch\u00f6nborn<\/p><p>Telefon: +49(0)62052553061<br \/>E-Mail: info@kuld-gartenwelten.de<\/p><p><strong>Umsatzsteuer-ID gem\u00e4\u00df \u00a727 a Umsatzsteuergesetz:<\/strong><strong><br \/><\/strong>DE289149080<\/p><p><strong>Verantwortlich f\u00fcr den Inhalt nach \u00a7 55 Abs. 2 RStV<\/strong><\/p><p>KULD \u2013 Haus und Garten<br \/>Daniela Gr\u00fcnwald<br \/>Georg-Friedrich-H\u00e4ndel-Stra\u00dfe 1<br \/>76669 Bad Sch\u00f6nborn<\/p><p>Wir sind nicht bereit oder verpflichtet, an Streitbeilegungsverfahren vor einer Verbraucherschlichtungsstelle teilzunehmen.<\/p><p><strong>Haftung f\u00fcr Inhalte<\/strong><br \/>Als Diensteanbieter sind wir gem\u00e4\u00df \u00a7 7 Abs.1 TMG f\u00fcr eigene Inhalte auf diesen Seiten nach den allgemeinen Gesetzen verantwortlich. Nach \u00a7\u00a7 8 bis 10 TMG sind wir als Diensteanbieter jedoch nicht verpflichtet, \u00fcbermittelte oder gespeicherte fremde Informationen zu \u00fcberwachen oder nach Umst\u00e4nden zu forschen, die auf eine rechtswidrige T\u00e4tigkeit hinweisen. Verpflichtungen zur Entfernung oder Sperrung der Nutzung von Informationen nach den allgemeinen Gesetzen bleiben hiervon unber\u00fchrt. Eine diesbez\u00fcgliche Haftung ist jedoch erst ab dem Zeitpunkt der Kenntnis einer konkreten Rechtsverletzung m\u00f6glich. Bei Bekanntwerden von entsprechenden Rechtsverletzungen werden wir diese Inhalte umgehend entfernen.<\/p><p><strong>Haftung f\u00fcr Links<\/strong><strong><br \/><\/strong>Unser Angebot enth\u00e4lt Links zu externen Websites Dritter, auf deren Inhalte wir keinen Einfluss haben. Deshalb k\u00f6nnen wir f\u00fcr diese fremden Inhalte auch keine Gew\u00e4hr \u00fcbernehmen. F\u00fcr die Inhalte der verlinkten Seiten ist stets der jeweilige Anbieter oder Betreiber der Seiten verantwortlich. Die verlinkten Seiten wurden zum Zeitpunkt der Verlinkung auf m\u00f6gliche Rechtsverst\u00f6\u00dfe \u00fcberpr\u00fcft. Rechtswidrige Inhalte waren zum Zeitpunkt der Verlinkung nicht erkennbar. Eine permanente inhaltliche Kontrolle der verlinkten Seiten ist jedoch ohne konkrete Anhaltspunkte einer Rechtsverletzung nicht zumutbar. Bei Bekanntwerden von Rechtsverletzungen werden wir derartige Links umgehend entfernen.<\/p><p><strong>Urheberrecht<\/strong><strong><br \/><\/strong>Die durch die Seitenbetreiber erstellten Inhalte und Werke auf diesen Seiten unterliegen dem deutschen Urheberrecht. Die Vervielf\u00e4ltigung, Bearbeitung, Verbreitung und jede Art der Verwertung au\u00dferhalb der Grenzen des Urheberrechtes bed\u00fcrfen der schriftlichen Zustimmung des jeweiligen Autors bzw. Erstellers. Downloads und Kopien dieser Seite sind nur f\u00fcr den privaten, nicht kommerziellen Gebrauch gestattet. Soweit die Inhalte auf dieser Seite nicht vom Betreiber erstellt wurden, werden die Urheberrechte Dritter beachtet. Insbesondere werden Inhalte Dritter als solche gekennzeichnet. Sollten Sie trotzdem auf eine Urheberrechtsverletzung aufmerksam werden, bitten wir um einen entsprechenden Hinweis. Bei Bekanntwerden von Rechtsverletzungen werden wir derartige Inhalte umgehend entfernen.<\/p><p><strong>Abmahnungen<\/strong><strong><br \/><\/strong>Eine Abmahnung ohne vorherigen Kontakt wird unter Bezug auf \u00a7 8 Abs. 4 UWG nicht akzeptiert. Im Falle, dass irgendein Inhalt, das Design einzelner Seiten, Bilder oder Grafiken Rechte Dritter oder gesetzliche Bestimmungen verletzen oder ber\u00fchren oder anderweitig in irgendeiner Form wettbewerbsrechtliche Probleme hervorbringen k\u00f6nnten, erwarten wir unverz\u00fcglich eine angemessene und ausrechend erl\u00e4uternde Nachricht ohne Kostennote an die im Impressum angegebene Post-Adresse mit \u00dcbermittlungsnachweis. Wir werden dann unverz\u00fcglich sicherstellen, dass die ggf. zu Recht beanstandeten Passagen, Bilder oder Inhalte der Webseite sofort entfernt und\/oder an die rechtlichen und gesetzlichen Vorgaben in vollem Umfang angepasst werden.<\/p><p>Eine Einschaltung eines Rechtsbeistandes von Ihrer Seite aus ist nicht erforderlich. Die zeitaufwendigere Einschaltung eines Anwaltes oder Abmahnvereins zur Erwirkung einer f\u00fcr uns kostenpflichtigen Abmahnung oder Rechtsstellung f\u00fcr Lizenzgeb\u00fchren wegen Urheberrechtsverletzungen entspricht nicht dem tats\u00e4chlichen oder mutma\u00dflichen Willen und wird daher nicht akzeptiert.<\/p>\t\t\t\t\t\t\t\t<\/div>\n\t\t\t\t<\/div>\n\t\t\t\t\t<\/div>\n\t\t<\/div>\n\t\t\t\t\t<\/div>\n\t\t<\/section>\n\t\t\t\t<\/div>\n\t\t","protected":false},"excerpt":{"rendered":"<p>Angaben gem\u00e4\u00df \u00a75 TMG: KULD \u2013 Haus und GartenMeisterbetrieb im GartenbauDaniela Gr\u00fcnwaldGeorg-Friedrich-H\u00e4ndel-Stra\u00dfe 1D-76669 Bad Sch\u00f6nborn Telefon: +49(0)62052553061E-Mail: info@kuld-gartenwelten.de Umsatzsteuer-ID gem\u00e4\u00df \u00a727 a Umsatzsteuergesetz:DE289149080 Verantwortlich f\u00fcr den Inhalt nach \u00a7 55 Abs. 2 RStV KULD \u2013 Haus und GartenDaniela Gr\u00fcnwaldGeorg-Friedrich-H\u00e4ndel-Stra\u00dfe 176669 Bad Sch\u00f6nborn Wir sind nicht bereit oder verpflichtet, an Streitbeilegungsverfahren vor einer Verbraucherschlichtungsstelle teilzunehmen. Haftung [&hellip;]<\/p>\n","protected":false},"author":3,"featured_media":0,"parent":0,"menu_order":0,"comment_status":"closed","ping_status":"closed","template":"elementor_theme","meta":{"footnotes":""},"class_list":["post-118","page","type-page","status-publish","hentry"],"_links":{"self":[{"href":"https:\/\/www.kuld-gartenwelten.de\/shop\/wp-json\/wp\/v2\/pages\/118","targetHints":{"allow":["GET"]}}],"collection":[{"href":"https:\/\/www.kuld-gartenwelten.de\/shop\/wp-json\/wp\/v2\/pages"}],"about":[{"href":"https:\/\/www.kuld-gartenwelten.de\/shop\/wp-json\/wp\/v2\/types\/page"}],"author":[{"embeddable":true,"href":"https:\/\/www.kuld-gartenwelten.de\/shop\/wp-json\/wp\/v2\/users\/3"}],"replies":[{"embeddable":true,"href":"https:\/\/www.kuld-gartenwelten.de\/shop\/wp-json\/wp\/v2\/comments?post=118"}],"version-history":[{"count":21,"href":"https:\/\/www.kuld-gartenwelten.de\/shop\/wp-json\/wp\/v2\/pages\/118\/revisions"}],"predecessor-version":[{"id":627,"href":"https:\/\/www.kuld-gartenwelten.de\/shop\/wp-json\/wp\/v2\/pages\/118\/revisions\/627"}],"wp:attachment":[{"href":"https:\/\/www.kuld-gartenwelten.de\/shop\/wp-json\/wp\/v2\/media?parent=118"}],"curies":[{"name":"wp","href":"https:\/\/api.w.org\/{rel}","templated":true}]}}